{"id":61,"date":"2021-11-17T12:56:28","date_gmt":"2021-11-17T12:56:28","guid":{"rendered":"https:\/\/magische-nordlichter.de\/?page_id=61"},"modified":"2025-08-10T12:27:22","modified_gmt":"2025-08-10T10:27:22","slug":"kontakt","status":"publish","type":"page","link":"https:\/\/magische-nordlichter.de\/?page_id=61","title":{"rendered":"Kontakt"},"content":{"rendered":"\n<h3 class=\"wp-block-heading\" id=\"mitglied-werden\">Mitglied werden<\/h3>\n\n\n\n<p>Hier findest du den Mitgliedsantrag zum Herunterladen: <\/p>\n\n\n<div class=\"\"><a href=\"https:\/\/magische-nordlichter.de\/wp-content\/uploads\/2022\/03\/Magische_Nordlichter_Beitrittserklaerung.pdf\" target=\"_blank\" class=\"emd_dl_orange\">Download<\/a><\/div>    <style>            \r\n    .emd_dl_orange {\r\n        -moz-box-shadow:inset 0px 1px 0px 0px #fce2c1;\r\n        -webkit-box-shadow:inset 0px 1px 0px 0px #fce2c1;\r\n        box-shadow:inset 0px 1px 0px 0px #fce2c1;\r\n        background:-webkit-gradient( linear, left top, left bottom, color-stop(0.05, #ffc477), color-stop(1, #fb9e25) );\r\n        background:-moz-linear-gradient( center top, #ffc477 5%, #fb9e25 100% );\r\n        filter:progid:DXImageTransform.Microsoft.gradient(startColorstr='#ffc477', endColorstr='#fb9e25');\r\n        background-color:#ffc477;\r\n        -webkit-border-top-left-radius:0px;\r\n        -moz-border-radius-topleft:0px;\r\n        border-top-left-radius:0px;\r\n        -webkit-border-top-right-radius:0px;\r\n        -moz-border-radius-topright:0px;\r\n        border-top-right-radius:0px;\r\n        -webkit-border-bottom-right-radius:0px;\r\n        -moz-border-radius-bottomright:0px;\r\n        border-bottom-right-radius:0px;\r\n        -webkit-border-bottom-left-radius:0px;\r\n        -moz-border-radius-bottomleft:0px;\r\n        border-bottom-left-radius:0px;\r\n        text-indent:0;\r\n        border:1px solid #eeb44f;\r\n        display:inline-block;\r\n        color:#ffffff !important;\r\n        font-family:Georgia;\r\n        font-size:15px;\r\n        font-weight:bold;\r\n        font-style:normal;\r\n        height:41px;\r\n        line-height:41px;\r\n        width:153px;\r\n        text-decoration:none;\r\n        text-align:center;\r\n        text-shadow:1px 1px 0px #cc9f52;\r\n    }\r\n    .emd_dl_orange:hover {\r\n        background:-webkit-gradient( linear, left top, left bottom, color-stop(0.05, #fb9e25), color-stop(1, #ffc477) );\r\n        background:-moz-linear-gradient( center top, #fb9e25 5%, #ffc477 100% );\r\n        filter:progid:DXImageTransform.Microsoft.gradient(startColorstr='#fb9e25', endColorstr='#ffc477');\r\n        background-color:#fb9e25;\r\n    }.emd_dl_orange:active {\r\n        position:relative;\r\n        top:1px;\r\n    }<\/style>\n\n\n\n<p><br>Einfach ausf\u00fcllen und an unseren Kassenwart senden oder beim n\u00e4chsten Treffen abgeben. Dann den Mitgliedsbeitrag (siehe Seite <a href=\"https:\/\/magische-nordlichter.de\/?page_id=59\" data-type=\"link\" data-id=\"https:\/\/magische-nordlichter.de\/?page_id=59\" target=\"_blank\" rel=\"noreferrer noopener\">\u00dcber uns<\/a>) \u00fcberweisen und schon bist auch du ein Magisches Nordlicht.<\/p>\n\n\n\n<h3 class=\"wp-block-heading\" id=\"treffpunkt\">Treffpunkt<\/h3>\n\n\n\n<p>Sofern im Rundbrief bzw. auf der Veranstaltungsseite nichts anderes angegeben ist, finden unsere Treffen im <a href=\"https:\/\/buergerhaus-niendorf.de\/\" data-type=\"URL\" data-id=\"https:\/\/buergerhaus-niendorf.de\/\" target=\"_blank\" rel=\"noreferrer noopener\">Berenberg-Gossler-Haus<\/a> (B\u00fcrgerhaus Niendorf e.V.), Niendorfer Kirchenweg 17, 22459 Hamburg statt.<br>Das B\u00fcrgerhaus ist nur 5 min Fu\u00dfweg von der U2-Station \u201eNiendorf Markt\u201c oder 5 min mit dem Auto von der A7-Abfahrt Schnelsen entfernt (<a href=\"https:\/\/goo.gl\/maps\/NstKrYReygfZatKm6\" data-type=\"URL\" data-id=\"https:\/\/goo.gl\/maps\/NstKrYReygfZatKm6\" target=\"_blank\" rel=\"noreferrer noopener\">Google-Maps<\/a>).<\/p>\n\n\n\n<h3 class=\"wp-block-heading\" id=\"kontaktdaten\">Kontaktdaten<\/h3>\n\n\n\n<figure class=\"wp-block-table is-style-regular contact-table\"><table><tbody><tr><td><img loading=\"lazy\" decoding=\"async\" width=\"150\" height=\"225\" class=\"wp-image-216\" style=\"width: 150px;\" src=\"https:\/\/magische-nordlichter.de\/wp-content\/uploads\/2021\/11\/Jogie.jpg\" alt=\"\" srcset=\"https:\/\/magische-nordlichter.de\/wp-content\/uploads\/2021\/11\/Jogie.jpg 703w, https:\/\/magische-nordlichter.de\/wp-content\/uploads\/2021\/11\/Jogie-200x300.jpg 200w, https:\/\/magische-nordlichter.de\/wp-content\/uploads\/2021\/11\/Jogie-683x1024.jpg 683w\" sizes=\"auto, (max-width: 150px) 85vw, 150px\" \/><\/td><td>1. Vorsitzender<br>Stefan Kirst<br>Tel.: 040-890 18 694<br><a href=\"mailto:chef@magische-nordlichter.de\">chef@magische-nordlichter.de<\/a><\/td><\/tr><tr><td><img loading=\"lazy\" decoding=\"async\" width=\"150\" height=\"232\" class=\"wp-image-213\" style=\"width: 150px;\" src=\"https:\/\/magische-nordlichter.de\/wp-content\/uploads\/2021\/11\/Roy_small.jpg\" alt=\"\" srcset=\"https:\/\/magische-nordlichter.de\/wp-content\/uploads\/2021\/11\/Roy_small.jpg 200w, https:\/\/magische-nordlichter.de\/wp-content\/uploads\/2021\/11\/Roy_small-194x300.jpg 194w\" sizes=\"auto, (max-width: 150px) 85vw, 150px\" \/><\/td><td>2. Vorsitzender<br>Roy Dannert<br>Tel.: 040-399 00 543<br><a href=\"mailto:vize@magische-nordlichter.de\">vize@magische-nordlichter.de<\/a><\/td><\/tr><tr><td><img loading=\"lazy\" decoding=\"async\" width=\"150\" height=\"225\" class=\"wp-image-215\" style=\"width: 150px;\" src=\"https:\/\/magische-nordlichter.de\/wp-content\/uploads\/2021\/11\/Halko-scaled.jpg\" alt=\"\" srcset=\"https:\/\/magische-nordlichter.de\/wp-content\/uploads\/2021\/11\/Halko-scaled.jpg 1707w, https:\/\/magische-nordlichter.de\/wp-content\/uploads\/2021\/11\/Halko-200x300.jpg 200w, https:\/\/magische-nordlichter.de\/wp-content\/uploads\/2021\/11\/Halko-683x1024.jpg 683w, https:\/\/magische-nordlichter.de\/wp-content\/uploads\/2021\/11\/Halko-768x1152.jpg 768w, https:\/\/magische-nordlichter.de\/wp-content\/uploads\/2021\/11\/Halko-1024x1536.jpg 1024w, https:\/\/magische-nordlichter.de\/wp-content\/uploads\/2021\/11\/Halko-1366x2048.jpg 1366w, https:\/\/magische-nordlichter.de\/wp-content\/uploads\/2021\/11\/Halko-1200x1800.jpg 1200w\" sizes=\"auto, (max-width: 150px) 85vw, 150px\" \/><\/td><td>Kassenwart<br>Halko G\u00f6\u00dfel<br><a href=\"mailto:finanzen@magische-nordlichter.de\">finanzen@magische-nordlichter.de<\/a><\/td><\/tr><\/tbody><\/table><\/figure>\n","protected":false},"excerpt":{"rendered":"<p>Mitglied werden Hier findest du den Mitgliedsantrag zum Herunterladen: Einfach ausf\u00fcllen und an unseren Kassenwart senden oder beim n\u00e4chsten Treffen abgeben. Dann den Mitgliedsbeitrag (siehe Seite \u00dcber uns) \u00fcberweisen und schon bist auch du ein Magisches Nordlicht. Treffpunkt Sofern im Rundbrief bzw. auf der Veranstaltungsseite nichts anderes angegeben ist, finden unsere Treffen im Berenberg-Gossler-Haus (B\u00fcrgerhaus &hellip; <a href=\"https:\/\/magische-nordlichter.de\/?page_id=61\" class=\"more-link\"><span class=\"screen-reader-text\">\u201eKontakt\u201c <\/span>weiterlesen<\/a><\/p>\n","protected":false},"author":1,"featured_media":0,"parent":0,"menu_order":0,"comment_status":"closed","ping_status":"closed","template":"","meta":{"footnotes":""},"class_list":["post-61","page","type-page","status-publish","hentry"],"publishpress_future_workflow_manual_trigger":{"enabledWorkflows":[]},"_links":{"self":[{"href":"https:\/\/magische-nordlichter.de\/index.php?rest_route=\/wp\/v2\/pages\/61","targetHints":{"allow":["GET"]}}],"collection":[{"href":"https:\/\/magische-nordlichter.de\/index.php?rest_route=\/wp\/v2\/pages"}],"about":[{"href":"https:\/\/magische-nordlichter.de\/index.php?rest_route=\/wp\/v2\/types\/page"}],"author":[{"embeddable":true,"href":"https:\/\/magische-nordlichter.de\/index.php?rest_route=\/wp\/v2\/users\/1"}],"replies":[{"embeddable":true,"href":"https:\/\/magische-nordlichter.de\/index.php?rest_route=%2Fwp%2Fv2%2Fcomments&post=61"}],"version-history":[{"count":12,"href":"https:\/\/magische-nordlichter.de\/index.php?rest_route=\/wp\/v2\/pages\/61\/revisions"}],"predecessor-version":[{"id":1091,"href":"https:\/\/magische-nordlichter.de\/index.php?rest_route=\/wp\/v2\/pages\/61\/revisions\/1091"}],"wp:attachment":[{"href":"https:\/\/magische-nordlichter.de\/index.php?rest_route=%2Fwp%2Fv2%2Fmedia&parent=61"}],"curies":[{"name":"wp","href":"https:\/\/api.w.org\/{rel}","templated":true}]}}